uppose 51 = 4*a - a. Is 9/3 - -2*a a composite number?
False
Let q(l) = -l**3 - 4*l**2 - 2*l - 2. Is q(-5) a composite number?
True
Let x(q) = -3*q**2 + 1. Let v(c) = 4*c**2 + c - 1. Let f(j) = 4*v(j) + 5*x(j). Is f(-8) composite?
True
Let m = -49 - -55. Is m prime?
False
Is ((-2834)/(-65))/((-2)/(-5)) a composite number?
False
Let z(l) be the third derivative of -l**4/12 - 3*l**3/2 + l**2. Is z(-8) a composite number?
False
Suppose 3*z = -z - 5*v + 505, -z + 124 = 2*v. Let s = z + 225. Suppose 0*t - 5*t + s = 0. Is t a composite number?
False
Let v(w) = -161*w - 3. Let n be v(-3). Let o be n - (-2 + 2/1). Suppose -2*h + o = 2*h - 4*b, 4*h = -3*b + 487. Is h a prime number?
False
Suppose p = 7 + 47. Let f = p + -20. Is f a composite number?
True
Let u be 124/(-6) + (-1)/3. Let t = 90 - u. Is t a composite number?
True
Let c(z) = -z**3 + 13*z**2 + 8*z - 7. Let y be c(8). Is y/(1 + -1 + 1) a composite number?
True
Let k(a) = a**2 - 4*a + 4. Let z be k(4). Suppose 5*x - j - 562 = 0, 0 = 2*x + 2*x - z*j - 440. Is x prime?
True
Let c(n) = -n**3 + 4*n**2 + 6*n - 4. Let q be c(5). Let h be (-1)/((0 + q)/(-9)). Is (6/h)/(4/690) a prime number?
False
Let a(k) = -2*k**3 + 12*k + 7*k**2 + 8 + 0 + 3*k**3 - 5*k. Let t be a(-6). Suppose t*h = 19 + 87. Is h a prime number?
True
Let t(q) = 3*q**3 + 27*q**2 - q - 15. Let s(f) = -f**3 - 13*f**2 + 7. Let v(h) = -5*s(h) - 2*t(h). Is v(10) composite?
True
Let t = 3 + 4. Let l(b) = 2*b**3 - 9*b**2 + 8. Is l(t) a composite number?
True
Suppose -i + 5*j = -424, -j + 2099 = 5*i - 5*j. Is i prime?
True
Let j be 4/10 + 276/60. Suppose -j*d = -356 - 89. Is d composite?
False
Let w(q) = 6*q**2 - q**2 - q**3 + 7*q + 2 + 0*q**2 + 0. Suppose -2*a = -7 - 3. Is w(a) a composite number?
False
Let j = 13 - 6. Is (-11068)/(-28) + (-2)/j composite?
True
Let o(h) = -h**3 - 3*h**2 - 5*h - 5. Let l be 1 + -3 + 2 + -4. Is o(l) a prime number?
True
Let d(c) = 2*c - 12. Let m be d(9). Is 4/m - 172/(-12) composite?
True
Suppose 3*y + 202 = -4*n - 14, n + 2*y = -54. Let m = -117 + 230. Let r = n + m. Is r a prime number?
True
Let i(z) = -15*z - 29. Is i(-10) prime?
False
Let u(s) = 8*s**2 + s - 8. Is u(-5) composite?
True
Let l(m) = m**3 + 9*m**2 - 17*m - 23. Is l(-10) a composite number?
False
Let w(v) = -15*v - 1. Is w(-1) a composite number?
True
Let g be (3 - 7)/(-2) + 3. Suppose -6*p + 5*p = -g*q - 800, -3*p + 2448 = q. Is p prime?
False
Let j(u) = 120*u - 9. Let m be j(6). Let d = -412 + m. Is d a composite number?
True
Let u(j) be the second derivative of j**4/6 - j**3/3 - 5*j**2/2 + 3*j. Suppose -i + 9 = 3*l - 5, -5*l - 5*i + 30 = 0. Is u(l) prime?
True
Let x(i) = -2 + 5 - 2 + 32*i + 2. Is x(5) prime?
True
Let g = -9 + 142. Let c = g + -57. Suppose -3*z + c = z. Is z a prime number?
True
Let o(n) = -n**2 - 4*n + 4. Let s be o(-4). Is (133/(-4))/(s/(-16)) a composite number?
True
Suppose 0 = -6*u + 93 + 369. Is u composite?
True
Suppose -7*q - 937 = -8*q. Is q a composite number?
False
Suppose 0 = -2*i - 1 + 147. Suppose 2*w - i = -3. Is w prime?
False
Let y(g) = -105*g - 11. Is y(-10) a prime number?
True
Let h be 0*-1*(-2)/(-2). Suppose 4*t - 3*t = -4*o - 53, 3*t + 3 = h. Let l = o + 23. Is l prime?
False
Let i be (3 - 2)*(-1 - -2). Let y = i - 0. Is y/(-2 + 71/35) a prime number?
False
Let q(u) = u**2 + 4*u + 1. Let s = 0 - 1. Let h = -6 - s. Is q(h) composite?
True
Suppose -5*u + f = -110, -f + 91 = 3*u + 17. Is u composite?
False
Suppose 6*z = 10*z - 8. Suppose d + 22 = 4*d + g, 4*g + z = 3*d. Is d prime?
False
Let b be 2*2*(-28)/16. Let t(h) = -h - 2. Let p be t(b). Suppose -p*a + 223 = -4*a. Is a a composite number?
False
Let v = -2 - -4. Is (v - -1)/((-18)/(-762)) composite?
False
Let o(h) = 2*h + 2. Let y be o(-3). Is (-1)/y + (-393)/(-12) prime?
False
Let w = -104 - -195. Is w composite?
True
Let t(y) = -y**3 - 2*y**2 - 8*y - 1. Is t(-6) prime?
True
Suppose -3*t = 2*u - 145, t = -3*u + 95 + 112. Suppose -u = -4*w + 44. Suppose 5*h = 4*o - w, o + 4*h - 21 = -2*o. Is o prime?
True
Suppose 2*h - 8*h = -9606. Is h a prime number?
True
Let n(d) = -d**2 - d + 83. Suppose 0*v = -v. Let u be n(v). Suppose u - 27 = 4*f. Is f composite?
True
Let c(s) = s + 1. Let a(q) = 9*q + 2. Let p(v) = -3*a(v) + 6*c(v). Is p(-1) composite?
True
Let v(x) = 3*x + 1. Let o(g) = g**3 - 3*g**2 - 5*g - 7. Let u be o(5). Let k be 4/u + (-25)/(-9). Is v(k) composite?
True
Is -3*(508/3)/(-4) prime?
True
Let l(g) = -361*g + 37. Is l(-6) composite?
False
Let p = 895 - 150. Is p a composite number?
True
Let g(p) = -p**2 + p + 391. Is g(0) composite?
True
Let p = -1741 + 3726. Is p prime?
False
Let j = -18 + 56. Suppose -z + 2*h = -3*h - 3, 2*z - 2*h - j = 0. Is z prime?
True
Let s be 36/15 - (-2)/(-5). Suppose 0*x = 5*t + x - 552, -s*x - 450 = -4*t. Suppose 3*j - t = -3*m + 6*m, 103 = 3*j - m. Is j a composite number?
True
Suppose -2*j = -5*n + 2245, 0*n - 3*n + 3*j = -1338. Let x = n + -272. Is x prime?
True
Let u(d) = -2*d**3 - 8*d**2 - 4*d - 7. Let l be u(-5). Suppose 2*a = a - 98. Let c = l - a. Is c a composite number?
True
Let j(b) = -10*b**2 + b - 1. Let a = 0 - -1. Let x be j(a). Is (-1)/5 + (-512)/x composite?
True
Let n(u) be the first derivative of 2/3*u**3 + 2*u**2 - 3*u - 2. Is n(2) composite?
False
Let u(k) = -k - 6. Let x(i) = i**2 - 5*i + 1. Let b be x(4). Let p be u(b). Let j(h) = -30*h - 1. Is j(p) prime?
True
Let g = 116 + -45. Is g composite?
False
Let t(l) = l + 1. Let s(o) = -77*o. Let x(h) = -s(h) + 2*t(h). Is x(9) composite?
True
Let f(a) = a**2 - 6*a - 6. Let m be f(7). Suppose 0 = -2*w + 9 - m. Suppose -w*y - 65 = -5*y. Is y composite?
True
Let i = -199 - -390. Is i a composite number?
False
Suppose 51 - 18 = 3*x. Let i(z) = -z**3 + 12*z**2 + 2*z + 6. Is i(x) prime?
True
Suppose -l = -13 + 58. Let n = -32 - l. Is n a composite number?
False
Let g be (-3)/(-9)*3*0. Suppose -4*t + t + 9 = g. Suppose -j + t + 0 = 0. Is j composite?
False
Let w(s) = -4*s**2. Suppose 0 = -4*g - g - 5. Let c be w(g). Let x(k) = -k**3 - 5*k**2 - 5*k - 2. Is x(c) a prime number?
True
Let a(p) = -330*p + 1. Let c be a(-1). Suppose -2*n = -59 - c. Let m = n + -112. Is m composite?
False
Let z(g) be the second derivative of 3*g**5/10 + g**4/6 + g**3/2 - 2*g**2 - 2*g. Is z(3) a prime number?
False
Let r = -34 + 325. Is r prime?
False
Let x(p) = p**2 + 4. Suppose -g = -1 + 7. Let b(z) = z**3 + 7*z**2 + 6*z - 3. Let s be b(g). Is x(s) prime?
True
Let j(b) = -b + 2. Let x be j(3). Let t be (x + -301)/((-8)/4). Let y = t + -18. Is y a prime number?
False
Let f = 280 + 101. Is f a composite number?
True
Let s be 2/((-10)/(-8) - 1). Let n(f) = -f**3 + 6*f**2 - 5*f + 3. Let x be n(5). Let m = s + x. Is m prime?
True
Let y(f) be the first derivative of 2*f**3/3 - f**2/2 + 3*f + 1. Is y(4) prime?
True
Let q = 2 - 2. Suppose g + 4*b - 7 + 1 = 0, -b = q. Is g composite?
True
Let h be -1 + (-1 - -1) - 2. Is 20 + 1*h/3 a prime number?
True
Let b(q) be the third derivative of -7*q**6/120 - q**4/24 + q**3/3 + q**2. Let g be b(-2). Suppose 3*x - 171 = -g. Is x prime?
True
Let y(s) = s**2 + 4*s + 9. Let b be y(12). Suppose 20 = -4*h, 2*m - 2*h = -3*h + 1. Suppose n + m*j = 67, -4*n + 5*j = -n - b. Is n a prime number?
True
Suppose 0 = -2*q + 5*q + 3. Let n = -1 - q. Suppose 4*j + 3*t - 42 = n, -j + 0 + 15 = 3*t. Is j a prime number?
False
Suppose -5*f - 53 + 440 = i, 0 = 5*f + 4*i - 393. Is f composite?
True
Suppose -3*j + 10741 = 2*n, 2252 = j + n - 1328. Is j a composite number?
False
Let s(y) = y - 4. Let x be s(4). Let g be 0*(-2 - (-1 + x)). Suppose t = 5*n - 122, g*n + 5*t = n - 10. Is n composite?
True
Suppose z + 0*z = 4*d + 241, z + 2*d - 271 = 0. Let o = z + 2. Is o a prime number?
True
Let u = -30 - -60. Let l = u - 17. Is l composite?
False
Suppose 3*k = -2*k - 410. Let p(j) = -j**3 - 10*j**2 - 12*j - 1. Let g be p(-10). Let u = g + k. Is u composite?
False
Let i(b) = -3*b**3 - 6 + 7 + b**2 - b**3 + 2*b. Let y be i(-1). Suppose -2*k - 3*k + 5 = -5*j, y*j + 5*k = 32. Is j a composite number?
False
Is -6 - -8 - (0 - 125) a composite number?
False
Suppose 5*p = -y + 272, -980 = -3*y + 5*p - 204. Suppose -4*c = -2*c - y. Is c composite?
False
Suppose -155 + 395 = 4*d. Let z be ((-6)/15)/(4/d). Let o(y) = -32*y - 1. Is o(z) a composite number?
False
Suppose -r - 2